24). Let c = -5 + 8. Calculate the highest common divisor of c and n.
3
Suppose 10*l - 61 - 169 = 0. What is the highest common factor of 92 and l?
23
Suppose -17*a + 51 = -14*a. Suppose -5*k + 420 = 5*d, 3*k = 5*d - k - 429. What is the greatest common factor of d and a?
17
Suppose 35 = 7*n - 2*n. Let z = -77 + 80. Let o = z + n. Calculate the highest common factor of o and 50.
10
Let a(n) = -n**3 - 6*n**2 - 7*n - 7. Let z(d) = -d**2 - 6*d + 1. Let c = 0 + -7. Let p be z(c). Let r be a(p). Calculate the greatest common factor of r and 7.
7
Let f = -71 + 188. What is the greatest common factor of 13 and f?
13
Let l(s) = 6*s**2 + s - 4. Let o be l(-4). Let u be (4/6)/(4/66). Calculate the highest common factor of o and u.
11
Let t be (11/(-11))/((-1)/17). What is the highest common factor of 17 and t?
17
Let r(m) = -m**3 - 6*m**2 - 8*m - 24. Let s be r(-6). Calculate the highest common factor of 24 and s.
24
Let s = -104 - -117. Calculate the highest common divisor of 1 and s.
1
Suppose 5*u + 106 = 4*h, 3*h = 2*u + 19 + 29. Let n = u + -4. Let x = 48 + n. Calculate the greatest common divisor of x and 39.
13
Let b(f) = f + 9. Let s be b(8). Calculate the highest common divisor of s and 17.
17
Let g(t) be the third derivative of 0 + 1/6*t**3 + 19/12*t**4 - 2*t**2 + 0*t. Let v be g(1). Calculate the greatest common factor of 13 and v.
13
Let c = 6 - 2. Suppose 1 = 4*a - 2*g + 3, 0 = -a + c*g - 11. What is the greatest common divisor of a and 7?
1
Suppose 0 = -2*k - 6 - 0. Let v be 11 + (-4 - -2 - k). Calculate the highest common factor of v and 30.
6
Let c(p) = -p**2 - 8*p + 5. Let g be c(-8). What is the greatest common factor of 15 and g?
5
Let d be (-4)/(-18) + 212/54*3. Calculate the highest common factor of d and 204.
12
Suppose 21*k + 3*k - 960 = 0. Let y be 15/2*(-2)/(-3). What is the highest common factor of k and y?
5
Let q = -1 - -6. Let h = 8 + -8. Suppose 3*o + 3 - 123 = h. Calculate the highest common factor of q and o.
5
Suppose 5*c - 147 = 2*c. Suppose 3*h = -k + 34 - 3, 0 = -2*h + 5*k + c. What is the highest common factor of h and 96?
12
Suppose r + r = 4*k - 400, k - r = 101. Suppose 2*j + 11 = -c + 2*c, 3*c - 3 = j. Let a = 5 - j. Calculate the greatest common divisor of a and k.
11
Suppose 21 = -b - 24. Let i be (-125)/b + (-2)/(-9). Calculate the greatest common divisor of 24 and i.
3
Suppose t + 12 = n, n + 0*n - 22 = 3*t. Calculate the highest common divisor of 63 and n.
7
Let w(v) = -v**2 - 7*v + 7. Let p be w(-6). Let z(f) = -2 - 2*f + 1 + 2*f**2 - f. Let t be z(-2). Calculate the greatest common factor of t and p.
13
Let t = -39 + 23. Let n be -3 + -2 + 4 - t. Calculate the greatest common divisor of 5 and n.
5
Let w(x) = x**2 + x + 7. Let d be w(-5). Let s(k) = k**2 - 10*k + 7. Let z be s(11). Calculate the greatest common factor of z and d.
9
Let f = 15 + -13. What is the highest common divisor of 18 and f?
2
Let q(w) = -47*w**2. Let v be q(-1). Let u = 68 + v. Suppose 5*i = 4*i + 14. What is the highest common divisor of i and u?
7
Let h = 240 + -347. Let x = 37 - h. Calculate the greatest common divisor of x and 16.
16
Let v(j) = -2*j - 6. Let n be v(7). Let d be n/15*(0 + -15). What is the highest common divisor of d and 4?
4
Let b = -12 - -14. Calculate the greatest common factor of 22 and b.
2
Suppose -3*s + 1 = w + s, 3*s - 2 = -w. Suppose 40 = w*o + 15. Suppose o*d - 155 = -4*y, -d + 2*y + 71 = 2*d. What is the highest common divisor of 9 and d?
9
Suppose -3*f = 4*c - 68, -3*c + f = 3*f - 51. What is the greatest common factor of c and 17?
17
Suppose 338 = 11*o + 85. What is the highest common factor of 46 and o?
23
Let i be 2/(-3)*18/4 - -533. Calculate the highest common factor of 53 and i.
53
Suppose -5*o - 8 = -3*o, 0 = 2*v - 5*o - 20. Suppose -4*i + 4*n = -76, v = 4*n - n. Calculate the highest common divisor of 114 and i.
19
Suppose -13 - 12 = -5*d - 2*c, 0 = -2*d - 5*c + 31. Suppose 0 = u + d*u - 8. Calculate the highest common factor of u and 10.
2
Suppose 2*q = 5*q - m - 19, -3*m - 2 = 2*q. What is the highest common divisor of q and 2?
1
Suppose -168 = -3*r + 5*r + 2*i, 180 = -2*r + 4*i. Let k = 184 - r. Calculate the highest common factor of 30 and k.
30
Let y be ((-35)/(-10))/7 - (-15)/2. Calculate the greatest common divisor of y and 8.
8
Suppose 3*t + 21 = -9. Let i = 26 + t. Let q be (-2)/(-9) + (-214)/(-9). What is the greatest common factor of q and i?
8
Let v(l) = l**2 - l + 2. Let z be v(2). Let p = -31 - -75. Calculate the greatest common factor of z and p.
4
Let i = -26 - -29. Suppose u = -5*j + 479, 0 = -0*u + i*u + 3. Calculate the greatest common factor of 32 and j.
32
Suppose -2*a = -7*a + 85. What is the greatest common factor of 68 and a?
17
Let s(o) = 25*o**2 - 2*o + 1. Let d be s(1). Calculate the greatest common factor of d and 24.
24
Let l(f) = -50*f - 2. Let u = -3 - 1. Let m be l(u). Suppose -c + r = 5*r - 26, -76 = -4*c - 2*r. Calculate the highest common factor of m and c.
18
Let m be 5*(3 - 0 - -2). Calculate the highest common divisor of 10 and m.
5
Suppose 0 = -v - 2*c - 2, -3*v + 3*c - 3 = -6*v. Suppose z - v*z = -147. Calculate the greatest common factor of z and 7.
7
Suppose 2*d + 2*d - 8 = 0. Suppose 0 = -u + a + 48, 0 = -d*u + 4*u + 4*a - 66. Let b = u - 25. What is the greatest common divisor of 6 and b?
6
Suppose x = -3*f, -4*x + x = f + 8. Let w be f/(2 - 1)*11. Let p = -50 + 72. What is the highest common factor of p and w?
11
Let b(r) = 2*r**2 + 5*r - 2. Let y be b(2). What is the greatest common divisor of y and 16?
16
Suppose 2*i - 136 = -48. Let x be 86/8 + 1/4. What is the greatest common divisor of i and x?
11
Let p(g) = 5*g**2 - 9*g + 2. Let t be p(3). Calculate the highest common divisor of t and 60.
20
Let k(h) = -h**3 + 7*h**2 + 8*h + 5. Let g be k(8). Let b = -4 + g. Let m be -1 + (4 - b)*1. Calculate the greatest common divisor of m and 8.
2
Suppose -3*q = q - 2*c - 60, 0 = -c - 2. Calculate the greatest common divisor of 14 and q.
14
Let b = 179 + -111. Calculate the greatest common factor of b and 17.
17
Let h(x) = x**3 + 8*x**2 - 7*x + 7. Suppose -a = 5*g - 5*a + 38, 20 = -4*g - 2*a. Let k be h(g). What is the highest common divisor of 11 and k?
11
Let b = -44 + 97. Suppose 3*i + 20 - b = 0. What is the greatest common divisor of i and 11?
11
Let p(c) = 5*c - 18. Let q be p(6). Calculate the greatest common factor of q and 108.
12
Let o be 62/10 + (-1)/5. Suppose -36 = -o*m + 3*m. Calculate the highest common factor of m and 2.
2
Let z(s) = -9*s - 7. Let o be z(-4). Calculate the highest common divisor of 29 and o.
29
Let m(d) = -6*d + 2. Let g be m(-5). Let k = 19 + g. Calculate the highest common divisor of 34 and k.
17
Let s = -51 - -77. Suppose -3*w = 4*p - 8*w - 95, 0 = -p - w + s. Calculate the highest common divisor of p and 25.
25
Let d(j) = -j + 6. Suppose 25 = -3*b - 2*b. Let l be d(b). Suppose 0*i - 170 = -3*c + i, -3*c = -5*i - 190. Calculate the greatest common divisor of c and l.
11
Suppose 0 = -h + 2*r + 16 - 4, 3*h = r + 11. Suppose -h*i = -3*l - 17, -l - 2*l = i - 31. What is the greatest common factor of 176 and i?
16
Suppose -365 = -5*u - 5. Suppose -3*v - 4*g = -79, 5*v + 4*g - u = 57. What is the highest common factor of 5 and v?
5
Suppose 2*f + f = 12. What is the greatest common factor of 12 and f?
4
Let q(x) = x**3 + 8*x**2 + 5*x + 10. Let m be q(-7). Calculate the highest common divisor of m and 12.
12
Let x = -4 + 10. Let r(m) = -3*m**3 - 3*m**2 - 2*m - 2. Let k be r(-2). Let u = k + -5. What is the highest common factor of u and x?
3
Let q(h) = -19*h + 21. Let t be q(-5). What is the highest common factor of t and 29?
29
Let q(z) = 2*z - 5. Let r be q(4). Suppose -3*f - r = -4*f. Suppose -2*o = -f*o + 38. What is the greatest common factor of 95 and o?
19
Let g be 10/(3 + -1) + -4. What is the highest common factor of 2 and g?
1
Let j be (54/(-8))/(2/(-8)). Let g = -22 + j. Calculate the highest common factor of g and 10.
5
Suppose 2*d = 2*z + d - 14, 35 = 5*z - 4*d. Let i = -11 - -8. Let a = 38 + i. What is the greatest common divisor of z and a?
7
Let v(t) = 14*t - 2. Let b be v(1). Calculate the greatest common factor of 4 and b.
4
Let g = -2 - 2. Let f be 2/g + (-21)/(-2). What is the highest common divisor of 80 an